remainder when s is divided by 5.
1
Let i = -4567 - -4629. Calculate the remainder when i is divided by 28.
6
Suppose -364 = -5*y + 5*g - 104, -3*y + 2*g = -152. What is the remainder when 193 is divided by y?
1
Let i(b) = 33*b - 2. Let p be -8 - -8 - -1*1. Calculate the remainder when 180 is divided by i(p).
25
Suppose -4*w + 3*z = -2389, 2*w - 3*w = -z - 596. Suppose -33*j + 84 + 141 + 237 = 0. What is the remainder when w is divided by j?
13
Suppose -2*j = -3*c - 45, -60 = 2*j - 5*j + 3*c. Suppose -4*r + j - 11 = 0. Calculate the remainder when 15 is divided by r.
0
Let p(w) = -w**2 - 19*w - 31. Let q be p(-21). Let g be -9*3/(-2 + -7) + q. Let u = -61 - g. Calculate the remainder when 31 is divided by u.
4
Suppose 3844 = 19*x + 34*x - 22*x. What is the remainder when 961 is divided by x?
93
What is the remainder when 602 is divided by (1005/(-30))/(5/(-10))?
66
Suppose -104 = 21*u + 64. Let a = u - -24. What is the remainder when 59 is divided by a?
11
Calculate the remainder when 2228 is divided by (8/12 + 7990/(-24))*(-8)/6.
13
Let b(k) = -k**3 + 0*k + 2*k - 6*k + 9269 - 9174 + 6*k**2. What is the remainder when b(0) is divided by 17?
10
Suppose 7*c + 6*f - 136 = 5*f, -5*f = -4*c + 61. Let s = 6 - 4. Suppose 3*m + s*w = -w + 117, -5*m + 193 = 4*w. What is the remainder when m is divided by c?
18
Suppose -15*d = 554 - 659. What is the remainder when 391 is divided by d?
6
Suppose -112*j + 71268 = -741740. Calculate the remainder when j is divided by 110.
109
Let i = 58 + -176. Let z = i + 54. Calculate the remainder when 109 is divided by z/6*15/(-10).
13
Let t(s) = 10*s**2 - 2*s + 1. Let q be ((-225)/100)/(3*2/(-160)). Calculate the remainder when t(-3) is divided by (-1 + 5)/(-3*(-4)/q).
17
Let c(f) = -11*f - 385. What is the remainder when 216 is divided by c(-36)?
7
Suppose -5*g + 1293 + 747 = 2*x, x - 817 = -2*g. Calculate the remainder when g is divided by 67.
4
Let c be (3/6)/((-679)/(-226) + -3). Suppose -38 = -2*l - q + 41, -3*l + 4*q + c = 0. What is the remainder when 75 - 1/(-2 + 1) is divided by l?
37
Let f be 0 + (-2)/8 - 34/(-8). Let o be (f/4)/(5/15). Suppose -5*a + 235 = 5*z, o*a - z = 2*z + 117. Calculate the remainder when a is divided by 15.
13
Let q = 7731 - 6396. What is the remainder when q is divided by 443?
6
Let r be ((-10)/(-20))/(1225/612 - 2). Suppose 2*w + m - 261 = 0, -m - r = -3*w + 98. Let x = w + -123. What is the remainder when 19 is divided by x?
9
Let r be (-3)/(15 - -3) + (-39146)/(-12). Suppose -k = 6*k - r. Calculate the remainder when k is divided by 52.
50
Let f = -10 - -17. Let o = 4052 - 3957. Calculate the remainder when o is divided by f.
4
Let b = 256 + -155. Let g = -14 + -77. Let i = g + b. What is the remainder when 17 is divided by i?
7
Let n = 18 - 15. Suppose 2*j - 2*b = -n*j + 8, -1 = j - 3*b. Calculate the remainder when (j/3)/((-14)/(-441)) is divided by 8.
5
Let x(z) = -9*z - 7. Let i = 371 + -184. Calculate the remainder when i is divided by x(-6).
46
Suppose -a = 2*a - 645. Let r = a + -307. Let y = -69 - r. What is the remainder when y is divided by 12?
11
Let d be 4 + 2/1 + 0. Let j(u) = u**2. What is the remainder when (-266 - 16)*4/8*-1 is divided by j(d)?
33
Let v = 90 + -93. Let x(m) = 6*m**2 + 10*m + 13. Calculate the remainder when x(v) is divided by (1 - -2)*(-40)/(-12).
7
Let a(h) = -5*h**2 - 14*h - 4. Let p be a(-10). Let s = p - -381. What is the remainder when 135 is divided by s?
16
Let t = 6 - -4. Let y = -132 + 127. What is the remainder when (y - -3)*100/(-8) is divided by t?
5
Let w(f) = f**3 + 10*f**2 + 3. Let t be 22 + 2 - (3 - -1). Calculate the remainder when w(-4) is divided by t + (2 - 2) - 3.
14
Let q = -2111 - -2149. What is the remainder when 205 is divided by q?
15
Let i(y) = 2*y**3 - 7*y**2 + 5*y + 3. Let l be i(4). Suppose -4*z - l = -507. What is the remainder when z is divided by 32?
21
Let d be (-2)/(-1) - 2*18/(-12). Suppose -4*t - 5*k = 18 - 6, d*t - 22 = 3*k. What is the remainder when 16 is divided by t/5 + (-38)/(-5) + -2?
4
Suppose 151*a = 236*a - 170. What is the remainder when 2571 is divided by a?
1
Let t(u) = -11*u**2 + 48*u + 153. What is the remainder when 538 is divided by t(6)?
43
Let r(c) = c**2 + 13*c - 725. Let g be r(-34). Let u = -81 - -114. Let l = u + g. What is the remainder when 86 is divided by l?
20
Suppose -4*t + 750 - 70 = 0. Let b = t + -112. What is the remainder when b is divided by 12?
10
What is the remainder when 2378 is divided by (-3099)/(-27) - 17*16/(-1224)?
78
Suppose 7*o - 5*o - 154 = -4*q, -o + 47 = -4*q. Calculate the remainder when 202 is divided by o.
1
Suppose 84*f = -7*f + 6370. Suppose 5*w - 8*w = -183. Calculate the remainder when f is divided by w.
9
Suppose -141*h + 154*h - 260 = 0. Suppose -x + 1 = 0, -x = 4*w - 3*x - 446. What is the remainder when w is divided by h?
12
Suppose -17322*u - 2116 = -17345*u. Calculate the remainder when 1190 is divided by u.
86
Let p(m) = 3*m**2 + 79*m + 158. What is the remainder when p(-25) is divided by 44?
14
Suppose d - 3*x = 93, 375 + 209 = 6*d - 5*x. What is the remainder when 695 is divided by d?
2
Suppose -107 + 119 = 4*l - 2*s, -2*l + 14 = s. What is the remainder when 2093 is divided by l?
3
What is the remainder when (-26436)/14*-19 - (72/63)/(-2) is divided by 345?
343
Let r = -66 + 66. Suppose r = -10*k + 14*k - 572. Let f = 42 - -7. Calculate the remainder when k is divided by f.
45
Let v(y) = -13*y - 4. Suppose -3*w + 2*w + 3 = 0, 0 = -4*p - 5*w - 1. Let k(c) = 71*c + 1656. What is the remainder when k(-22) is divided by v(p)?
46
Let w(o) = o + 91. Let r be w(-6). Let a = 176 - r. What is the remainder when a is divided by 49?
42
Suppose -1000*x = -1016*x + 560. What is the remainder when 36 is divided by x?
1
Let n(z) = 5*z + 273. Let l(t) = 3*t + 137. Let d(p) = -11*l(p) + 6*n(p). Calculate the remainder when 41 is divided by d(40).
8
Let h(q) = -2*q**3 - 6*q**2 - 2*q - 6. Let u be h(-4). Let g = u - 14. Calculate the remainder when g is divided by 12.
8
Suppose -9*w + 88 + 29 = 0. Suppose -3*j = 5*t - 753, w*t + j = 16*t - 463. What is the remainder when t is divided by 8?
1
Let w = -75 + 159. Let x be 1*4 - (7 - (6 + 10)). Let p = x - -31. Calculate the remainder when w is divided by p.
40
Suppose -15*f - 506 = 2*f - 40*f. What is the remainder when 85 is divided by f?
19
Suppose 4*q - 310 = 2*g, 4*g + 1 = -19. Let x = q - 52. What is the remainder when x is divided by 9?
5
Let x(y) = 15*y - 24. Let a be x(-17). Let i = a - -400. What is the remainder when i is divided by (-12)/(-24)*(1 + -1 + 50)?
21
Suppose 0 = -5*y - 3*w + 9, 75 - 82 = -5*y - 4*w. Let f = 124 + -69. Calculate the remainder when f is divided by y.
1
What is the remainder when 3368 is divided by 28/84*(1 - (-55 - 1))?
5
Let d(x) = -62*x - 1895. What is the remainder when d(-32) is divided by 15?
14
Let w(s) = 17*s - 121. Calculate the remainder when 4644 is divided by w(19).
200
Let p be (16*-17)/4*-1. Calculate the remainder when p*8/20*5 is divided by 14.
10
Let g be -66*4/(-16) + 6/(-12). Suppose 84 = g*b - 268. Suppose s = 3*s - 16. What is the remainder when b is divided by s?
6
Calculate the remainder when ((-3)/6)/(6/(-4)) + 3140/3 is divided by 75.
72
Let z(s) = -741*s + 4. Calculate the remainder when 8682 is divided by z(0).
2
Let z(r) = 2*r**2 - 4*r + 5. Suppose 0 = y - 3 + 1. Let b = 163 + -140. Calculate the remainder when b is divided by z(y).
3
Let l(u) = -u**2 + 13*u - 11. Let f(y) = -y**2 + 26*y - 22. Let x(h) = -3*f(h) + 5*l(h). What is the remainder when 32 is divided by x(-7)?
0
Suppose -11*o + 1219 = -5568. What is the remainder when o is divided by 88?
1
Let i(u) = -4*u**2 + 13*u + 45. Let d be i(-7). Calculate the remainder when ((-128)/(-8) - 11)*d/(-10) is divided by 114.
7
Suppose 0*v - a - 12 = 3*v, 2*v + a + 7 = 0. Let m = -3714 + 3716. What is the remainder when 59 is divided by (m*2)/(v + 96/18)?
11
Suppose -3910*d + 3894*d = -2816. Calculate the remainder when 231 is divided by d.
55
Let c = 2 + -1. Suppose 0 = 56*s - 8*s - 96. Suppose t - 3*q = -c + 2, s*t = -q + 16. Calculate the remainder when 18 is divided by t.
4
Let o(a) = -429*a - 409. Calculate the remainder when o(-5) is divided by 434.
0
Let k(p) = -p**2 + 60*p + 344. Calculate the rem